tors of 304/72 + -4 - 102162/(-27)?
2, 11, 43
Let q be (558/(-12))/(3/(-32)). Suppose 0 = -2*n + 6*n - q. Suppose -v - 3*v + n = 0. List the prime factors of v.
31
Let x be (0 + 2/(-4))*-34. Suppose 4*n + 16 = o, -n = 7*o - 2*o - x. Suppose 4*v = 5*i + 203, 0*v + 4*i = -o*v + 176. What are the prime factors of v?
47
Let r(s) = -s**3 + 10*s**2 + s + 8. What are the prime factors of r(9)?
2, 7
Let c be 14 - (-5)/((-20)/(-16)). Suppose 0 = 2*n + 5 - 1, 3*n = 4*p - c. Suppose 0*k + 4*d = p*k - 79, 28 = k - 3*d. List the prime factors of k.
5
Suppose 60*z - 6583 = 58*z + w, z + w - 3299 = 0. List the prime factors of z.
2, 3, 61
Suppose 0 = 3*u + 2 + 10, -5*u = -2*c + 4. Suppose 12*h - 7*h - 70 = 0. Let s = h - c. List the prime factors of s.
2, 11
Let p(v) = 12*v**2 + 2*v. Let h(t) = 12*t**2 + 3*t - 1. Let c(k) = -4*h(k) + 5*p(k). Let f be c(-4). List the prime factors of f/54 - 4/(-18).
2
Let t = -265 - -2428. What are the prime factors of t?
3, 7, 103
Let t be 5 + 5 + -3 + 0 + -3. Suppose 330 = 3*s - 3*d, -d - 404 = -t*s - 6*d. What are the prime factors of s?
2, 53
Suppose -i = -4*l + 131, -5*i + i + 84 = 3*l. Suppose -2 = -3*v + 13. Suppose -12 = 4*j, 4*a = j - v + l. List the prime factors of a.
2, 3
Let s = -1 + -3. Let j be 22 - 2/(-2) - -5. Let o = j + s. What are the prime factors of o?
2, 3
Let j(r) = -r**2 - 14*r + 22. Let f be j(-15). Let p(k) = -9*k - 3 - 4 + 2 + f*k**2 + k**3. What are the prime factors of p(-8)?
3
What are the prime factors of 5/25 - 22021/(-95)?
2, 29
List the prime factors of (12519/(-18))/(1/(-2)).
13, 107
Suppose 4 = 2*v - z, z + 11 = 5*v + 1. Suppose -v*w = -6*w. List the prime factors of 7 + -2 + w/3.
5
Let a be (35/(-21))/(2/(-6)). Suppose a - 58 = -m. What are the prime factors of m?
53
Let v(i) = -i**3 - 8*i**2 - i - 5. Let u be v(-8). Suppose 6 = 3*d + u*h, d - h = -0*h + 4. Suppose d*o - 51 = -6. List the prime factors of o.
3, 5
Suppose 3*g + 2*g - 8055 = 0. Suppose -9*l + g = -0*l. What are the prime factors of l?
179
Suppose -2*i - 3*i = -g + 3723, 4*i = -g + 3705. List the prime factors of g.
47, 79
Let x be 8/(-14) - 13316/(-28). Suppose -7*p + x = -2*p. List the prime factors of p.
5, 19
Suppose -3*k = 4*b - 99 + 15, -b + 4*k = -2. What are the prime factors of b?
2, 3
Suppose -c - 7042 = -5*o - 2330, 2*c = -4. Suppose -106*q + o = -100*q. What are the prime factors of q?
157
Let r be 0 - (6 + -3 - 2). Let o(x) = -x**3 - 3*x**2 + 1. Let v be o(-2). What are the prime factors of v - 10*r/2?
2
Let u = 1752 - 1449. What are the prime factors of u?
3, 101
Let c be (-3)/3 + 10 + -4. Let l(i) = -i**3 + 5*i**2 + i - 2. Let y be l(c). Suppose y*o = -4*k + 98, -k = -2*k + 3*o + 17. List the prime factors of k.
23
Let n = 341 + -216. Suppose l - n = -6*b + 2*b, -50 = -b - 4*l. Suppose 0 = -8*u + 6*u + b. List the prime factors of u.
3, 5
Let z(d) = -3*d**3 - 23*d**2 + 7*d - 5. Let w be z(-8). Suppose -54 = 2*o - 5*o. Suppose w*h = -o + 66. List the prime factors of h.
2
Let t(m) = 5*m**2 + 4*m - 17. Let r(q) = -14*q**2 - 11*q + 50. Let u(x) = 4*r(x) + 11*t(x). List the prime factors of u(0).
13
Suppose b = -n + 5*b + 12, -4*n + 5*b + 26 = 0. Let g be (-77)/(-44) - (-1)/n. Suppose c + g = 12. List the prime factors of c.
2, 5
Suppose -7 + 231 = 2*h. What are the prime factors of h?
2, 7
Let k(x) = -x**3 - 6*x**2 - 6*x - 3. Let p be k(-5). Suppose -p*w = -w - 5. Suppose -37 + w = -4*z. What are the prime factors of z?
2
What are the prime factors of (0 + -642)*(-28)/56?
3, 107
Let m be 5/(44/20 - 2). Let p = 25 - m. Suppose 3*n - 68 - 55 = p. What are the prime factors of n?
41
Let k = -16 - -24. What are the prime factors of 2*(268/k + 4)?
3, 5
Suppose 256 = -3*r + 7*r. Suppose r - 6 = 2*w. List the prime factors of w.
29
Let t(w) = -445*w + 113. What are the prime factors of t(-7)?
2, 3, 269
Let m = -1200 - -1508. List the prime factors of m.
2, 7, 11
Suppose -45 - 37 = -2*p. Suppose -p = -r + 72. What are the prime factors of r?
113
Suppose 0 = -78*f + 73*f + 1040. What are the prime factors of f?
2, 13
Let d = 17 + -14. Suppose -5*b + 82 = -d*b. Let v = b + -15. What are the prime factors of v?
2, 13
Suppose 0*d + v + 20931 = 5*d, 2*v - 16742 = -4*d. What are the prime factors of d?
2, 7, 13, 23
Let n be 60/(-8)*64/(-10). Let p = n + -4. List the prime factors of p.
2, 11
Let t = -15 - -26. Suppose -2*u - 3*w = -58, -3*w + 70 = 3*u - t. List the prime factors of u.
23
Let g be (2 + -1)*2 - -261. Suppose 2*r = 6*r + w - 1035, r - g = 4*w. List the prime factors of r.
7, 37
Suppose -4*b = -3*m - 3*b + 10, 3*b = 5*m - 18. Suppose -n = -m*q - 9, n = 3*n + q - 11. List the prime factors of n.
2, 3
Suppose -i - 3*j + 17 = 0, 5*j = -i - 12 + 39. List the prime factors of (1269/18)/(i/8).
2, 3, 47
Suppose -93 = -3*z - 2*u + 18, 3*z + 4*u = 105. Let n(x) = -23*x. Let s be n(-1). Let a = z - s. List the prime factors of a.
2
Suppose 135*b = 108*b + 38934. What are the prime factors of b?
2, 7, 103
Let j be -36*(4 - 22/8). What are the prime factors of (-476)/(-36) - (-10)/j?
13
Suppose 0 = 69*b - 74*b. Suppose r - 196 - 58 = b. List the prime factors of r.
2, 127
Suppose 7*m = 3*m - 12. Let d be (m - -9)/3 + 0. Suppose -d*h + 4 = 0, 2*j - h = 3*h + 94. What are the prime factors of j?
3, 17
What are the prime factors of 12/9*6*501/6?
2, 167
Let p(u) = 20*u**2 + 22*u - 23. What are the prime factors of p(6)?
829
Let n(g) = -g**3 + 13*g**2 - 19*g + 12. Let b = 17 + -8. List the prime factors of n(b).
3, 5, 11
Let m = -21 - -14. What are the prime factors of m/7 - (-2*1 - 4)?
5
Suppose 4*p - 15 = 9. Suppose -5*g - p = -k + 7, 2*k = 5*g + 16. List the prime factors of 6/((-10)/6 - g).
2, 3
Let a(t) = -21*t + 68. What are the prime factors of a(-12)?
2, 5
Suppose -127 = -4*a + 109. Let t = 125 - a. What are the prime factors of t?
2, 3, 11
Let l = -11 + 11. Suppose l = h + 3*h + 8. Let s = 11 + h. What are the prime factors of s?
3
Let d = 2983 + -1597. List the prime factors of d.
2, 3, 7, 11
Let o(x) = -17*x**2 - 8*x + 1. Let n = 14 + -21. Let j be o(n). List the prime factors of 1/(-3) - j/24.
2
Let c = 44 - 25. Let q(h) = 2*h - 29. Let y be q(17). Suppose y*l + 3*f - 69 = 0, 0*l - 2*f - c = -l. List the prime factors of l.
3, 5
What are the prime factors of (5 + -5 + -6)*-394?
2, 3, 197
Suppose 1680 = -2*w + 5312. What are the prime factors of w?
2, 227
Let s(r) = -5*r - 14. Let t be s(-4). Suppose 3*w = -t*w + 2466. What are the prime factors of w?
2, 137
Suppose -8*o - 11 = -9*o. Let x(f) = 2*f**2 - 13*f - 13. List the prime factors of x(o).
2, 43
Suppose -2*i + 734 = -100. List the prime factors of i.
3, 139
Suppose -2 = 2*k - 4*t, -3*t + 12 = -10*k + 5*k. Let i(p) = 5*p + 1. Let q be i(k). Let y(v) = -2*v + 8. List the prime factors of y(q).
2, 3
What are the prime factors of (55488/(-160))/(9/(-30))?
2, 17
Let h(r) = -r + 3. Let v be h(0). Suppose -3 = v*a - 6, 3*a + 152 = 5*s. Suppose -41 = -2*t - 5*o, 2*t = -o + 6*o + s. What are the prime factors of t?
2, 3
Suppose 0 = -36*g + 42*g - 17820. What are the prime factors of g?
2, 3, 5, 11
Let z(c) = 6*c - 1 - 4 + 2*c + 1. Let x be z(4). Suppose 0 = 3*q - x - 50. What are the prime factors of q?
2, 13
Suppose 33*f + 3 = 30*f. What are the prime factors of 1/((-8)/(-996)) + f/2?
2, 31
Let n(v) be the second derivative of -v**5/60 + v**4/4 - v**3/3 + 5*v**2/2 - 2*v. Let w(b) be the first derivative of n(b). What are the prime factors of w(5)?
3
Let g(n) be the second derivative of 23*n**3/3 - 5*n**2/2 + 3*n. List the prime factors of g(2).
3, 29
Let b = -10 - 2. Let u = -7 - b. Suppose 4*v - v - 30 = -u*l, 24 = 4*l - 2*v. What are the prime factors of l?
2, 3
Suppose -4 = 4*h - 5*h. List the prime factors of (h/(-2))/(7/(-245)).
2, 5, 7
Let q(p) = p**3 + 5*p**2 - 10*p - 13. Let o be q(-6). Suppose o = f - 111. What are the prime factors of f?
2, 61
Suppose -4*k + 12 = -0*q - 4*q, -q - 1 = -2*k. What are the prime factors of 0 - (k + 1) - (-126)/3?
43
Let r be -2*307*-2 + 3 + -1. List the prime factors of 7/((-231)/(-6)) - r/(-11).
2, 7
Let l = 13 - 8. Let f = 7 + l. Suppose d - 3*d = -f. List the prime factors of d.
2, 3
What are the prime factors of (14/(-8))/(-7) + 20515/20?
2, 3, 19
Let f(i) = -67*i + 102. List the prime factors of f(-5).
19, 23
Suppose 183*l